er?
False
Let h(q) = 16*q**2 + 8*q + 11. Suppose -t + 4*x = 29, 4*x - 50 = 5*t - 3*t. Is h(t) a composite number?
False
Is (-18 - -6547)*(65 - -2) a composite number?
True
Let a = -95 + 92. Let t be 17 + (0 - -1) + -1 - a. Suppose t*c - 75373 = c. Is c prime?
True
Let b(s) = s**3 + 3*s**2 - 4*s - 9. Let q be b(-6). Let k be 36*2*137/(-4) + 2. Let g = q - k. Is g composite?
False
Let h = 81170 - -109497. Is h composite?
False
Suppose 7*i - 862060 = -5*i - 8*i. Is i composite?
False
Let k = 375 + -383. Is 33203/2 - (k/(-16) + -2) prime?
True
Is (4/(-24)*-351412)/(-4 - (-182)/39) prime?
True
Let u(g) = -3162*g + 5. Let j(x) = 3162*x - 5. Let o(f) = 3*j(f) + 2*u(f). Let h be o(2). Suppose h = 5*s + 184. Is s prime?
False
Let q(h) = 52*h**2 + 88*h + 685. Is q(36) a prime number?
False
Suppose -2*f + 143 = 3*l, 179 = -3*l + 7*l + 5*f. Suppose l*g = 35*g + 140848. Is g prime?
True
Suppose 0 = -3*p - 58119 - 71013. Is (-7)/(-21) - p/9 a composite number?
False
Let g(k) = -k - 19. Let m be g(-21). Suppose 0 = m*j - 4*v - 838, 2*j + 4*v = 576 + 246. Is j a composite number?
True
Is 6610868/23 - (-102)/(-2346) prime?
False
Suppose h = -4, 2 = 3*u + h - 9. Suppose u*z + 246 = i, 3*i = 3*z - 4*z + 706. Suppose -9*s + i = -457. Is s prime?
False
Suppose -51046 = 20*z + 27874. Let b = -2705 - z. Is b a prime number?
False
Suppose -20 = -3*i + z, 3*i + 3*z - 12 = -0*z. Let p(o) = 470*o**2 + 3*o + 19. Is p(i) a composite number?
True
Suppose 10*a - 37415 + 1665 = 0. Suppose 5*k + a = 20330. Is k a composite number?
True
Let i(f) = 1367*f**2 + 221*f + 2111. Is i(-10) prime?
True
Suppose 5*m = -3*q + 2033234, -3*m + q + 1312339 = 92421. Is m composite?
True
Let v(k) = -8*k**3 + 8*k**2 + 7*k. Let j(n) = 8*n**3 - 7*n**2 - 6*n. Let w(i) = -6*j(i) - 5*v(i). Let y be w(-1). Is (-2)/(3720/17226 - 2/y) a composite number?
True
Let v(t) = -3*t**2 - t**2 - 3*t - 29 + 6*t**2. Let k be (-4 - -22) + -6*(-4 - -5). Is v(k) prime?
True
Suppose 9*v - 4*v - 13245 = 0. Let c = v - 4289. Let q = 2709 + c. Is q a composite number?
False
Suppose 538*m - 28194 = 532*m. Suppose -6*s = -m - 17183. Is s composite?
True
Let o(k) = k**2 - 13*k + 16. Let w be o(12). Let y(u) = 309*u**2 + 2*u + 17. Is y(w) a prime number?
True
Let o(j) = 5*j**2 - 15*j + 381. Is o(-55) prime?
False
Suppose 86 - 166 = -10*h. Is (-1 + -1)/((-4)/132208*h) composite?
False
Let u be (-56)/(-8) + (0 - -2). Suppose 4*q + 10795 = 5*s + u*q, 2*s - 5*q - 4318 = 0. Is s composite?
True
Suppose 0 = 22*p - 19*p + 9357. Is (-1 + p/(-1))/((-28)/(-14)) composite?
False
Let z(v) = v**3 + v**2 + 6. Let t be z(-2). Suppose 20*y = 23*y + t*u - 9943, 0 = -4*y + 2*u + 13276. Is y a prime number?
False
Let o = -25 + 50. Let f = o - 24. Let z(k) = 256*k**3 + k**2 - 3*k + 3. Is z(f) prime?
True
Let i(q) = 164 - 107 - 13*q + q**2 - 8*q. Let n be i(19). Suppose -n = v - 114. Is v a prime number?
False
Let k(p) = 1784*p + 9. Let b(q) = -8920*q - 48. Let y(x) = 2*b(x) + 11*k(x). Is y(5) a composite number?
False
Suppose -3*t = -4*i + 7, -4*t - 3*i + 27 = t. Is 4/t - (-35525)/21 a composite number?
False
Let h(b) = 1017*b**2 - b - 2. Let p be h(2). Let n = p - 79. Is n a composite number?
True
Suppose -4631*p + 4641*p - 17823223 + 7561253 = 0. Is p composite?
False
Suppose -4*r = 4*j - 5892, -588 = -3*j - 2*r + 3829. Suppose n - j = 2*k, -k - 10474 = -5*n - 3146. Is n prime?
False
Let b = -14895 - -22216. Is b a prime number?
True
Let r(w) = 2*w**2 - 10*w - 12. Let t = -45 - -51. Let h be r(t). Suppose 0 = -m - 3*s + 850, h = -5*m - 0*s - s + 4180. Is m prime?
False
Suppose 14*b + 25 = 123. Suppose 0 = b*k + 28*k - 18305. Is k a prime number?
True
Suppose 3*s - 3*s = 5*s. Suppose s = -5*u + u. Suppose -m + u*m = j - 52, 0 = m - 2*j - 55. Is m composite?
False
Suppose 33*w - 5352435 - 1642432 - 564938 = 0. Is w prime?
False
Suppose -73363 = -4*o + 5*b - 14682, 4*b + 4 = 0. Is o a composite number?
False
Suppose b - 7750 = -2*d + 21688, 0 = 5*b. Is d prime?
False
Suppose 2*j + 2*d = 0, -109 = 4*j + d - 97. Suppose t - 399 = -m, t + 100 = 3*m + 491. Let q = t - j. Is q prime?
True
Suppose 3*h - l = 9211, 0 = -2*h - 3*h + 5*l + 15365. Let t be 6/8 - h/12. Is (t/(-2))/5*(-868)/(-42) prime?
False
Let w(v) = -v + 719. Let f(j) = j**3 + 6*j**2 - 2*j - 16. Let x be f(-4). Let z = 24 - x. Is w(z) a composite number?
False
Suppose -2*b = -11*b + 10881. Let x = 2020 - b. Suppose 302 + x = 3*q. Is q a composite number?
True
Let n be 114/171*((-16)/(-2) - 2). Let u(c) = 1057*c - 89. Is u(n) composite?
False
Let q(d) = d**3 + 11*d**2 - 13*d - 9. Let c be q(-12). Suppose 2*n = 5*l - 12465, 6*l + 2*n - 7463 = c*l. Is l a composite number?
True
Suppose -5*w - 262 + 287 = 0. Suppose 0 = -y + w*c + 2548, -4*c - 10 = 2. Is y prime?
False
Suppose 0 = -3*k - 203 + 41. Let v = -60 - k. Is (-3)/2*808/v a prime number?
False
Let s = 315 + 1557. Suppose -z + 1957 = -s. Is z a prime number?
False
Suppose -10*h = -12*h - 16. Let z = h + 7. Let g(d) = 1756*d**2 - 2*d + 1. Is g(z) prime?
True
Suppose -n = 5*g - 13835, -12*n + 7694 + 3374 = 4*g. Is g prime?
True
Let w be (-1 + 0)/(11/(-2834 - -7)). Suppose 4452 = 5*f - 4*s - w, 0 = f - 5*s - 946. Is f composite?
False
Suppose 2*t - 3*x = 13993, -x = -76*t + 74*t + 13991. Is t prime?
False
Suppose 0 = 4*y - 5*o - 20, 6*y - 10 = 4*y - 5*o. Let r(m) = 92*m**2 + m. Let q be r(7). Suppose s - 3*s + 4543 = 5*p, -y*p = -5*s - q. Is p a composite number?
False
Suppose 6*s - 84 = -1026. Let k = s - -104. Let n = k - -88. Is n a prime number?
False
Let w be (19/(-2) - -4)*838*-1. Let y = w + -2214. Suppose s - a - 288 = 188, -5*s + 2*a = -y. Is s a composite number?
True
Suppose c - 1 = 0, -5*g = -10*c + 9*c + 3011. Let l = g + 1684. Is l a prime number?
False
Let q(d) = -d - 4. Let p be q(-3). Let c be (1442 - p/1)/(24/16). Suppose 3892 = -l + 5*l + x, -l - 3*x + c = 0. Is l a prime number?
False
Let d(x) = 2*x**2 - 28*x - 60. Let g be d(16). Suppose -11*f - 1068 = -g*k - 6*f, 2*f + 267 = k. Is k a prime number?
False
Suppose -854*i + 876*i = 4909322. Is i prime?
True
Let u be -10*(7055/(-25) - -3). Let t = u + -1472. Suppose -5*a + f + t = 0, -2*a + 550 = -0*f + 4*f. Is a a prime number?
False
Let w = 154701 - -286710. Is w prime?
False
Let r(u) be the first derivative of 18 + 4*u - 121*u**2 + 7*u + 0*u. Is r(-4) prime?
False
Suppose -2*z - 15*q = -2880986, 0 = 4*z + 60*q - 64*q - 5762244. Is z composite?
False
Let q(z) = -23 - 70*z + 54 - 28. Let m be q(-6). Let u = m - -24. Is u a prime number?
False
Let o(a) = 13120*a**2 - 37*a + 101. Is o(4) a composite number?
True
Let s = -3383 + 5337. Suppose -5*z = 3*n - 0*n - 2921, -2*n = 5*z - s. Is n a composite number?
False
Suppose 4*s - 1345926 = -2*v, -27*s + 26*s - 672969 = -v. Is v composite?
False
Let z be (1 + 0)/(4185/(-2095) - -2). Suppose -3*j + z = -5*q, -4*q - 424 = -2*j - j. Suppose -j = -3*n + 29. Is n prime?
True
Let a be (87/(-33) - -3)/((-2)/(-11)). Let i be 0*1/2*1. Suppose i = -a*r + 10*r - 4120. Is r a prime number?
False
Let o = 46173 + 61236. Is o a composite number?
True
Let h = 304225 - 152078. Is h composite?
False
Suppose 1020 = 3*g + 3*g. Suppose 5*o - 52 = 3*o + 4*n, -5*o = -2*n - g. Suppose -o = 6*c - 390. Is c prime?
True
Suppose -30*m = -26*m. Suppose -25*d + 22*d = m. Suppose -3*g + 4*h + 3195 = -0*h, d = 2*g - 5*h - 2137. Is g a composite number?
False
Suppose -16*a + 10*a + 60 = 0. Let g = a + -16. Let j(q) = 12*q**2 + q - 7. Is j(g) prime?
True
Let r = 174970 + 30649. Is r a composite number?
False
Let i = 329 - -7021. Suppose -4*h - 5*s + i = 0, h - 4*s = -0*s + 1827. Is h prime?
False
Suppose -3*n + 7 = 4*n. Is (-3)/12*-508*(3 - n) composite?
True
Let n(x) = 2*x - 1. Let m(b) be the first derivative of 76*b**3/3 - 9*b**2/2 - 5*b - 27. Let w(v) = m(v) + 2*n(v). Is w(-2) prime?
True
Let s(q) = q - 1. Let u be s(-3). Let o(c) = -32*c - 2460. Let g be o(-77). Is (g/(-4) - u)/(-1) + 1052 composite?
False
Let b(k) = -47*k**2 - 5*k + 12. Let g be b(5). Let y = -641 - g. Let f = y - 390. Is f prime?
True
Suppose 0 = 3*j - 3*p - 79396 + 16894, 83336 = 4*j - p. Let d = j + -13219. Is d a composite number?
True
Suppose u = -4*a + 72999, 5*a - 10*a = -4*u - 91275. Is a composite?
False
Suppose -5*q - 4*h = -17956 - 19959, 0 = h. Let p = q + -5146. Is p